divided by 221.
216
Calculate the remainder when 4080508 is divided by 45.
43
Calculate the remainder when 204158 is divided by 40804.
138
What is the remainder when 137524250 is divided by 479?
476
Calculate the remainder when 249954 is divided by 2631.
9
Calculate the remainder when 19257418 is divided by 962867.
78
Calculate the remainder when 119242 is divided by 169.
97
Calculate the remainder when 4067796 is divided by 677949.
102
What is the remainder when 36422566 is divided by 53?
12
What is the remainder when 2077758621 is divided by 582?
579
Calculate the remainder when 7907961 is divided by 20920.
201
What is the remainder when 2615608 is divided by 3110?
98
Calculate the remainder when 7678 is divided by 3312.
1054
Calculate the remainder when 60682 is divided by 30256.
170
Calculate the remainder when 92204 is divided by 45438.
1328
Calculate the remainder when 49762578 is divided by 244.
242
What is the remainder when 45244627 is divided by 116?
103
Calculate the remainder when 722187 is divided by 144095.
1712
Calculate the remainder when 15048 is divided by 6207.
2634
Calculate the remainder when 1725731 is divided by 1125.
1106
Calculate the remainder when 437215249 is divided by 5323.
5321
What is the remainder when 706098 is divided by 419?
83
Calculate the remainder when 692138 is divided by 5295.
3788
Calculate the remainder when 559725 is divided by 298.
81
Calculate the remainder when 471269 is divided by 78483.
371
Calculate the remainder when 23732 is divided by 11618.
496
What is the remainder when 9315776 is divided by 9142?
78
Calculate the remainder when 55474 is divided by 1498.
48
Calculate the remainder when 1022829 is divided by 9830.
509
Calculate the remainder when 29658085 is divided by 328.
325
Calculate the remainder when 652235 is divided by 253.
1
Calculate the remainder when 120959472 is divided by 24191893.
7
What is the remainder when 97138220 is divided by 51?
50
What is the remainder when 401679167 is divided by 528?
527
What is the remainder when 2753297 is divided by 55?
52
What is the remainder when 305900 is divided by 1058?
138
Calculate the remainder when 721819 is divided by 99.
10
Calculate the remainder when 451829 is divided by 45.
29
What is the remainder when 5879943 is divided by 4689?
4626
What is the remainder when 6661697 is divided by 147?
98
What is the remainder when 8867914 is divided by 1094?
1044
What is the remainder when 10699887 is divided by 41?
35
Calculate the remainder when 13002910 is divided by 3.
1
Calculate the remainder when 9598 is divided by 2739.
1381
Calculate the remainder when 179 is divided by 136.
43
Calculate the remainder when 186214 is divided by 90.
4
What is the remainder when 239199 is divided by 59528?
1087
Calculate the remainder when 60841469 is divided by 64.
61
What is the remainder when 63562 is divided by 31437?
688
What is the remainder when 326291 is divided by 10563?
9401
What is the remainder when 563646 is divided by 1012?
974
Calculate the remainder when 784566 is divided by 261522.
0
What is the remainder when 2310273 is divided by 88?
9
What is the remainder when 672022 is divided by 12?
10
Calculate the remainder when 70080 is divided by 130.
10
Calculate the remainder when 193300 is divided by 48255.
280
Calculate the remainder when 545069 is divided by 293.
89
What is the remainder when 23658562 is divided by 4986?
4978
Calculate the remainder when 2023736 is divided by 2023614.
122
Calculate the remainder when 9709242 is divided by 629.
627
What is the remainder when 2038722 is divided by 3?
0
Calculate the remainder when 56257404 is divided by 9376234.
0
Calculate the remainder when 1002666 is divided by 25.
16
Calculate the remainder when 172361905 is divided by 18.
7
What is the remainder when 1176220 is divided by 249?
193
Calculate the remainder when 4812871 is divided by 1740.
31
Calculate the remainder when 2740563 is divided by 616.
595
Calculate the remainder when 9366864 is divided by 2341699.
68
What is the remainder when 2243746 is divided by 1176?
1114
Calculate the remainder when 20420 is divided by 697.
207
Calculate the remainder when 332818376 is divided by 1245.
1241
What is the remainder when 49531 is divided by 5245?
2326
Calculate the remainder when 483801 is divided by 17134.
4049
Calculate the remainder when 172606 is divided by 70.
56
What is the remainder when 106473 is divided by 17560?
1113
Calculate the remainder when 147486 is divided by 416.
222
Calculate the remainder when 113728212 is divided by 29.
14
What is the remainder when 32966 is divided by 728?
206
What is the remainder when 459334 is divided by 2177?
2164
Calculate the remainder when 510677 is divided by 63826.
69
What is the remainder when 10508416 is divided by 468?
412
Calculate the remainder when 262548 is divided by 52428.
408
What is the remainder when 135422 is divided by 10396?
274
What is the remainder when 17688259 is divided by 726?
721
What is the remainder when 224130 is divided by 2113?
152
What is the remainder when 342416 is divided by 4749?
488
Calculate the remainder when 11647617 is divided by 58.
57
Calculate the remainder when 27791152 is divided by 61.
40
Calculate the remainder when 882866 is divided by 12262.
2
What is the remainder when 1639174 is divided by 39?
4
Calculate the remainder when 40637 is divided by 2737.
2319
Calculate the remainder when 7947729 is divided by 3973835.
59
Calculate the remainder when 7103276 is divided by 5964.
152
What is the remainder when 9973797 is divided by 181340?
97
Calculate the remainder when 2073274 is divided by 108.
106
Calculate the remainder when 2395465 is divided by 798484.
13
What is the remainder when 366008 is divided by 9860?
1188
Calculate the remainder when 2220115 is divided by 5.
0
What is the remainder when 101166 is divided by 73?
61
Calculate the remainder when 3838059 is divided by 109.
60
What is the remainder when 832716 is divided by 18102?
24
Calculate the remainder when 25847 is divided by 2074.
959
Calculate the remainder when 2707527 is divided by 1175.
327
Calculate the remainder when 1440467 is divided by 84725.
142
What is the remainder when 219099772 is divided by 30?
22
What is the remainder when 8748863 is divided by 59?
48
What is the remainder when 3039359 is divided by 276301?
48
Calculate the remainder when 862851 is divided by 448.
3
What is the remainder when 288556787 is divided by 39?
38
Calculate the remainder when 1106444 is divided by 138291.
116
What is the remainder when 343369161 is divided by 116?
113
Calculate the remainder when 61675403 is divided by 28.
27
What is the remainder when 109748 is divided by 108156?
1592
Calculate the remainder when 27437561 is divided by 13718769.
23
Calculate the remainder when 57722931 is divided by 23.
15
What is the remainder when 918197 is divided by 32?
21
Calculate the remainder when 500170486 is divided by 91.
88
What is the remainder when 140041 is divided by 240?
121
Calculate the remainder when 50860 is divided by 260.
160
What is the remainder when 3701394 is divided by 168245?
4
What is the remainder when 1741737 is divided by 1347?
66
Calculate the remainder when 2808825 is divided by 22292.
33
Calculate the remainder when 893455 is divided by 2510.
2405
What is the remainder when 13571 is divided by 13339?
232
What is the remainder when 73871884 is divided by 424551?
10
Calculate the remainder when 1645584 is divided by 1539.
393
Calculate the remainder when 1533098 is divided by 306614.
28
What is the remainder when 9030551 is divided by 26?
23
Calculate the remainder when 59028051 is divided by 546.
537
What is the remainder when 13046739 is divided by 196?
195
Calculate the remainder when 1035465 is divided by 257.
12
Calculate the remainder when 9208 is divided by 3824.
1560
Calculate the remainder when 3590853 is divided by 954.
951
Calculate the remainder when 54663 is divided by 9035.
453
Calculate the remainder when 390468 is divided by 97506.
444
Calculate the remainder when 29075 is divided by 14529.
17
Calculate the remainder when 6015145 is divided by 184.
1
What is the remainder when 666749 is divided by 6176?
5917
Calculate the remainder when 1554458 is divided by 1